2028
Let i(n) = -n**2 + 6539*n + 52390. Calculate i(-8).
14
Let w(m) = -m**3 - 35*m**2 - 245*m - 257. Determine w(-8).
-25
Let n(u) = u**3 + 18*u**2 + 76*u - 69. Calculate n(-16).
-773
Let h(z) = 3993*z - 2160203. What is h(541)?
10
Let c(f) = -222*f - 1120. Calculate c(-4).
-232
Let h(w) = 6*w**3 + 46*w**2 + 140*w + 95. Determine h(-2).
-49
Let v(m) = -171*m**3 + 1542*m**2 + 343*m - 3311. Calculate v(9).
19
Let g(x) = 9*x**2 + 190*x - 3156. Determine g(11).
23
Let z(d) = 8*d**3 + 125*d**2 + 93*d + 2037. Determine z(-16).
-219
Let m(a) = 7345*a + 66137. Determine m(-9).
32
Let d(x) = -131*x**2 + 1420*x + 230. Determine d(11).
-1
Let p(g) = 3*g**3 + 59*g**2 + 82*g - 19. Calculate p(-19).
-855
Let o(q) = -9*q**2 - 73*q + 520. Calculate o(6).
-242
Let p(u) = 19*u**3 + 11*u**2 - 55*u + 252. Determine p(4).
1424
Let z(m) = 14*m**3 - 82*m**2 + 23*m + 195. What is z(5)?
10
Let d(m) = 104*m**3 + 3*m**2 + 8*m + 23. Determine d(-2).
-813
Let k(j) = 92865*j - 742907. Give k(8).
13
Let h(f) = -39629*f + 514949. What is h(13)?
-228
Let p(j) = -3264*j + 16293. Determine p(5).
-27
Let y(j) = -9*j**2 + 517*j + 384. Calculate y(62).
-2158
Let i(y) = -28411*y + 28208. Determine i(1).
-203
Let q(b) = -b**2 + 1732*b + 135518. Determine q(-75).
-7
Let i(z) = -8*z**3 - 10*z**2 + 5*z + 70. Give i(-2).
84
Let z(v) = -13567*v - 298477. Determine z(-22).
-3
Let k(r) = -2*r**3 - 44*r**2 + 672*r - 208. Determine k(10).
112
Let t(f) = 42*f**3 - 84*f**2 - 200*f - 68. Give t(-2).
-340
Let r(y) = -6317*y - 25222. Determine r(-4).
46
Let b(o) = -39*o - 2910. What is b(-103)?
1107
Let d(o) = 159*o - 2256. What is d(22)?
1242
Let h(i) = -219*i**2 + 934*i + 2271. What is h(6)?
-9
Let c(v) = v**3 - 16*v**2 + 9*v + 373. Give c(7).
-5
Let x(y) = -15*y**2 + 10952*y - 76489. Calculate x(7).
-560
Let c(z) = -28*z**2 - 6025*z + 432753. Determine c(-272).
1
Let f(y) = 156*y**2 + 29468*y - 123. What is f(-189)?
2901
Let t(i) = 3577*i - 64420. Give t(18).
-34
Let j(d) = 5*d**3 - 419*d**2 - 524*d + 1086. Calculate j(85).
-104
Let k(b) = b**3 + b**2 - 10*b - 1277. What is k(0)?
-1277
Let v(k) = 13*k**3 + 10*k**2 - 31*k - 114. Determine v(-3).
-282
Let h(k) = 99610*k - 1394637. What is h(14)?
-97
Let k(d) = 276*d - 2924. Calculate k(11).
112
Let c(b) = -451517*b - 8578801. Determine c(-19).
22
Let w(l) = 3*l**2 + 226*l + 2581. What is w(-73)?
2070
Let i(b) = -63*b**2 - 5420*b + 57. Give i(-86).
229
Let i(q) = 1593*q - 101806. Give i(64).
146
Let z(q) = 22665*q - 362633. Give z(16).
7
Let m(i) = i**3 - 10*i**2 - 545*i + 3804. Calculate m(7).
-158
Let f(o) = -6*o**2 + 23*o - 275. What is f(16)?
-1443
Let j(c) = -c**3 + 273*c**2 + 1080*c - 145644. Determine j(275).
106
Let l(j) = -35*j**2 - 926*j + 3293. Give l(3).
200
Let z(v) = -7*v**3 - 168*v**2 + 721*v + 17302. Calculate z(-24).
-2
Let n(f) = -9*f**2 + 647*f - 4247. Calculate n(65).
-217
Let m(l) = -2*l**3 + 136*l**2 - 155*l + 1485. Calculate m(67).
78
Let g(o) = o**3 - 22*o**2 + 81*o - 178. What is g(21)?
1082
Let g(h) = 2*h**3 + 550*h**2 + 552*h + 425. Give g(-274).
-671
Let q(h) = 80*h**2 + 16318*h - 479. Determine q(-204).
-71
Let o(g) = g**3 + 53*g**2 + 228*g + 10. Determine o(-5).
70
Let j(m) = m**2 - 436*m - 30160. What is j(-61)?
157
Let j(r) = -1104*r - 1295. What is j(-1)?
-191
Let i(v) = 7*v**2 + 1451*v + 301. Give i(-207).
-113
Let i(j) = -153*j - 6813. Determine i(-32).
-1917
Let q(r) = -3309*r - 357414. What is q(-108)?
-42
Let k(o) = 9*o**3 - 26*o**2 - 656*o - 628. Determine k(-1).
-7
Let a(v) = 2*v**3 - 217*v**2 - 776*v - 1645. Give a(112).
-749
Let f(h) = 158862*h + 635342. Determine f(-4).
-106
Let g(w) = -3*w**3 - 197*w**2 - 3190*w + 505. Give g(-36).
1
Let i(l) = -l**2 + 13100*l - 210. Determine i(0).
-210
Let n(w) = -1018639*w - 7130526. Determine n(-7).
-53
Let p(o) = -o**3 + 79*o**2 - 1568*o + 273. What is p(48)?
-3567
Let k(t) = 2*t**3 - 889*t**2 - 82*t - 161531. Give k(445).
4
Let k(z) = 8193*z + 8585. What is k(-1)?
392
Let s(h) = 2*h**2 + 226*h - 2896. What is s(12)?
104
Let w(q) = -6*q**2 + 1806*q + 3632. Determine w(-2).
-4
Let h(w) = 2*w**2 + 1972*w + 27277. What is h(-14)?
61
Let b(l) = -965*l + 223887. Calculate b(232).
7
Let w(i) = -30*i**3 - 7050*i**2 - 3*i - 693. What is w(-235)?
12
Let o(r) = -7*r**3 + 103*r**2 - 3*r + 392. Calculate o(15).
-103
Let q(i) = 82*i**2 - 405*i - 5. What is q(5)?
20
Let r(a) = -a**3 + 173*a**2 - 3957*a + 419. Determine r(27).
14
Let u(w) = w**2 + 26*w - 113. What is u(-27)?
-86
Let i(w) = 7*w**3 - 58*w**2 + 78*w - 498. Calculate i(8).
-2
Let y(i) = 770*i - 148541. Give y(193).
69
Let k(o) = 2536*o - 184942. What is k(73)?
186
Let x(t) = 627*t + 24490. Calculate x(-39).
37
Let d(q) = -q**3 - 49*q**2 + 92*q + 2077. Give d(-50).
-23
Let n(z) = -147497*z + 8702313. Determine n(59).
-10
Let z(k) = -k**3 - 111*k**2 + 1379*k - 8. Determine z(11).
399
Let t(y) = 2752*y + 209155. What is t(-76)?
3
Let f(d) = -d**3 - 95*d**2 + 148*d - 4459. Determine f(-97).
3
Let d(c) = 3854906*c - 19274524. Calculate d(5).
6
Let g(m) = 10544*m + 84361. What is g(-8)?
9
Let y(w) = 6731*w + 491394. What is y(-73)?
31
Let m(v) = -2*v**3 + 209*v**2 - 1055*v + 15486. Give m(100).
-14
Let l(d) = d**3 - 27*d**2 - 1349*d + 37426. Determine l(29).
-13
Let j(v) = -6460*v - 1324316. Determine j(-205).
-16
Let h(i) = 4*i**2 - 19*i - 2. Determine h(8).
102
Let c(u) = -1123817*u - 3371436. What is c(-3)?
15
Let j(q) = -327*q - 5280. Calculate j(-15).
-375
Let a(u) = -2*u**3 + 24*u**2 + 75*u - 849. What is a(18)?
-3387
Let o(z) = -3*z**2 - 22*z + 1839. What is o(34)?
-2377
Let j(b) = -b**3 - 13133*b**2 - 91805*b + 536. What is j(-7)?
-3
Let a(x) = -x**2 - 51902*x - 467035. Calculate a(-9).
2
Let h(t) = 47*t**2 - 8211*t + 91781. What is h(12)?
17
Let f(h) = h**3 - 117*h**2 - 80*h + 9377. Calculate f(117).
17
Let c(s) = 7480*s + 725552. Give c(-97).
-8
Let a(o) = -16035*o + 352666. Give a(22).
-104
Let n(m) = 3460*m + 44606. Determine n(-13).
-374
Let p(s) = -11*s**2 - 1055*s + 4220. Calculate p(4).
-176
Let z(g) = -54922*g + 2746097. Determine z(50).
-3
Let t(p) = p**2 + 485256*p + 5337691. Give t(-11).
-4
Let u(l) = 2*l**2 + 94*l - 27. What is u(-46)?
-119
Let j(v) = v**2 + 140*v - 38363. Calculate j(138).
1
Let q(h) = 49*h - 453. Determine q(-32).
-2021
Let j(i) = 2*i**2 - 2273*i + 360492. What is j(946)?
66
Let i(z) = -1415*z**2 - 5661*z - 33. Determine i(-4).
-29
Let s(x) = -x**3 + 121*x - 555. Calculate s(6).
-45
Let k(u) = -44*u**2 - 188*u + 666. Calculate k(3).
-294
Let x(a) = -98828*a + 790620. Calculate x(8).
-4
Let a(t) = 10*t**2 + 3400*t - 35014. What is a(10)?
-14
Let u(i) = 2*i**3 + 131*i**2 - 954*i - 66216. Determine u(-65).
19
Let y(c) = -c**3 - 18*c**2 + 93*c - 76. Determine y(-23).
430
Let g(k) = -234*k - 13148. What is g(-57)?
190
Let d(w) = 79*w**2 + 34675*w - 2638. What is d(-439)?
-4
Let v(h) = 94*h - 452. Calculate v(4).
-76
Let u(i) = 175*i - 5472. Give u(28).
-572
Let z(u) = -1103*u**2 - 5439*u + 379. Determine z(-5).
-1
Let g(s) = -911*s**3 - 5*s**2 - 29*s + 55. What is g(2)?
-7311
Let p(v) = -2*v**2 - 6002*v + 442342. Give p(72).
-170
Let s(q) = -104*q - 3623. Calculate s(-37).
225
Let v(a) = 157*a - 15474. Calculate v(100).
226
Let t(g) = -32194*g + 20153437. Calculate t(626).
-7
Let v(g) = g**3 + 14*g**2 - 331*g - 3320. Give v(-9).
64
Let t(n) = 48332*n + 434988. Determine t(-9).
0
Let a(g) = -3*g**3 - 15*g**2 - 67*g + 376. Determine a(5).
-709
Let b(h) = 3*h**3 + 231*h**2 - 259*h - 2074. Calculate b(-78).
-124
Let o(z) = z**3 - 487*z**2 + 3856*z - 11503. Calculate o(479).
-7
Let z(v) = 2246*v - 134763. Give z(60).
-3
Let j(f) = 17*f**2 + 5276*f + 1691. Give j(-310).
-169
Let w(x) = -1323*x - 21227. Calculate w(-16).
-59
Let a(y) = -y**2 + 48785*y - 292666. Calculate a(6).
8
Let f(i) = -2*i**3 + 28*i**2 + 59*i - 551. What is f(13)?
554
Let b(d) = -932*d - 2804. What is b(-3)?
-8
Let r(i) = 4*i**2 - 137*i - 10973. What is r(-38)?
9
Let b(i) = -i**3 - 87*i**2 + 629*i - 3117. Calculate b(-94).
-391
Let b(h) = -h**3 + 196*h**2 + 11739*h + 1285. Determine b(-48).
-11
Let z(o) = o**3 - 633*o**2 - 5785*o + 4496. What is z(642)?
2
Let s(g) = g**3 + 23*g**2 + 114*g - 262. What is s(-21)?
-1774
Let z(p) = -38*p**2 - 336*p + 265. What is z(1)?
-109
Let c(p) = 12*p**2 + 5290*p + 46650. Give c(-9).